240526035.
45
What is the greatest common factor of 41051785 and 1985?
1985
What is the greatest common divisor of 5103 and 2635740324?
5103
Calculate the highest common divisor of 120 and 31157136.
24
Calculate the highest common divisor of 80752 and 219493.
103
Calculate the greatest common factor of 43727012 and 173014.
9106
Calculate the greatest common divisor of 20328 and 39094.
22
What is the highest common divisor of 463 and 68580949?
463
What is the greatest common divisor of 31443951 and 42?
21
What is the greatest common factor of 142994 and 32224?
2014
Calculate the highest common factor of 4743 and 165189.
51
What is the highest common divisor of 296808 and 22232?
8
Calculate the highest common divisor of 49284 and 5715575.
1369
What is the highest common divisor of 39574818 and 5116?
2558
What is the greatest common divisor of 3876 and 384?
12
Calculate the highest common divisor of 489411 and 1160289.
5499
What is the highest common factor of 15095410 and 2180?
1090
What is the highest common divisor of 72882 and 441?
9
What is the highest common divisor of 568106 and 86614?
682
Calculate the greatest common factor of 7241056 and 6848.
32
Calculate the highest common factor of 455 and 1189545.
35
Calculate the highest common divisor of 5216 and 668463.
163
Calculate the highest common factor of 3969 and 9937179.
63
Calculate the highest common factor of 859220 and 620.
20
What is the greatest common divisor of 173589780 and 135?
15
Calculate the highest common divisor of 23636 and 1280600.
76
Calculate the greatest common factor of 14503011 and 2571.
2571
What is the highest common factor of 610 and 3269417?
61
What is the greatest common divisor of 726 and 15059451?
33
Calculate the highest common factor of 3794 and 163226.
14
What is the highest common factor of 106723307 and 762?
127
Calculate the highest common divisor of 10956 and 1843116.
132
What is the greatest common factor of 2017 and 7251115?
2017
Calculate the highest common factor of 30613888 and 24.
8
What is the highest common divisor of 107197830 and 267?
267
What is the greatest common factor of 20 and 1034131990?
10
Calculate the highest common divisor of 366000 and 155184.
2928
What is the highest common factor of 17151208 and 808?
8
What is the greatest common divisor of 9594 and 20542353?
1599
What is the greatest common factor of 152963304 and 6?
6
Calculate the greatest common factor of 5638 and 11278.
2
What is the greatest common divisor of 140659973 and 32522?
2323
What is the highest common factor of 6062 and 521038?
14
Calculate the greatest common factor of 882 and 2201724.
126
What is the highest common factor of 7667230 and 160?
10
Calculate the greatest common divisor of 883998 and 1585890.
1206
Calculate the highest common factor of 49534688 and 336.
112
Calculate the highest common factor of 52988 and 3064.
4
What is the highest common divisor of 110 and 396075438?
22
What is the greatest common factor of 37604 and 21392?
28
What is the greatest common divisor of 27 and 19375881?
3
What is the highest common factor of 887715 and 18?
9
Calculate the highest common factor of 4440952 and 72.
8
Calculate the highest common divisor of 12222 and 15254802.
1746
Calculate the highest common factor of 92630 and 2669.
157
What is the greatest common divisor of 604 and 1484932?
4
What is the highest common factor of 1202852 and 6468?
196
Calculate the highest common divisor of 115 and 88581655.
5
What is the greatest common factor of 275710503 and 309?
309
Calculate the greatest common factor of 502 and 332170639.
251
Calculate the greatest common factor of 1202850 and 474650.
550
What is the highest common divisor of 58557 and 27?
3
Calculate the greatest common factor of 6125 and 10355275.
175
What is the greatest common factor of 102 and 165890?
2
Calculate the greatest common divisor of 767720 and 88264.
136
What is the greatest common factor of 354344388 and 1896?
948
What is the greatest common divisor of 702927585 and 365?
365
Calculate the highest common divisor of 141897 and 20379345.
4893
Calculate the greatest common divisor of 37309648 and 3408.
1136
Calculate the greatest common factor of 950 and 149834.
38
Calculate the highest common divisor of 14535 and 2235483.
2907
What is the greatest common factor of 17388 and 21504?
84
What is the highest common factor of 141568 and 113792?
896
What is the greatest common divisor of 173496 and 19224?
24
What is the greatest common divisor of 33180 and 153720?
420
Calculate the highest common divisor of 15564724 and 12274.
646
What is the greatest common factor of 9657507 and 4077?
453
Calculate the greatest common factor of 35268156 and 99.
99
What is the highest common factor of 40 and 5292020?
20
What is the greatest common divisor of 462 and 304352356?
154
Calculate the greatest common factor of 130 and 40773512.
26
Calculate the highest common factor of 28688250 and 373375.
3625
Calculate the greatest common divisor of 4756401 and 312.
39
What is the highest common divisor of 3792 and 146835246?
474
Calculate the greatest common factor of 632592 and 9008.
16
What is the greatest common divisor of 611 and 643289?
47
What is the highest common factor of 392 and 5975893?
49
What is the highest common divisor of 116564 and 924?
28
Calculate the greatest common divisor of 22 and 3349687.
11
What is the greatest common factor of 6326016 and 80?
16
Calculate the greatest common divisor of 28735848 and 30056.
2312
What is the greatest common divisor of 39424 and 441484736?
4928
Calculate the greatest common divisor of 460 and 8446934.
46
Calculate the greatest common factor of 46439007 and 7289.
197
Calculate the highest common factor of 8687614 and 169.
169
Calculate the greatest common factor of 774 and 191672973.
387
Calculate the highest common divisor of 15343 and 1618787.
67
Calculate the highest common divisor of 230689868 and 380.
76
Calculate the highest common factor of 19778745 and 30.
15
Calculate the highest common factor of 43628 and 17836.
52
Calculate the greatest common divisor of 1530 and 12280980.
30
What is the greatest common divisor of 159393 and 261768?
39
Calculate the greatest common divisor of 169393341 and 12.
3
What is the greatest common factor of 21060 and 319488?
156
Calculate the highest common divisor of 772970417 and 41.
41
Calculate the greatest common divisor of 5456 and 843293.
341
What is the highest common divisor of 40617122 and 10647?
1183
What is the greatest common divisor of 3009 and 132889?
17
What is the greatest common divisor of 5 and 16348405?
5
Calculate the highest common factor of 70 and 143487155.
35
Calculate the highest common divisor of 1391094 and 155682.
5022
What is the highest common factor of 2952 and 44198?
82
What is the greatest common divisor of 5118 and 5300542?
1706
What is the highest common divisor of 173129 and 583?
11
What is the highest common factor of 956 and 4151430?
478
What is the greatest common divisor of 8813044 and 12?
4
What is the greatest common divisor of 1824232 and 6536?
344
What is the highest common factor of 48681 and 771083?
601
Calculate the greatest common divisor of 10451 and 1813154.
7
What is the greatest common factor of 119 and 579663?
7
Calculate the greatest common divisor of 1302 and 348054.
42
What is the greatest common factor of 27814842 and 198?
198
What is the greatest common factor of 653 and 109365093?
653
What is the greatest common factor of 249116 and 1294188?
6076
Calculate the greatest common divisor of 1301850 and 9630.
90
What is the greatest common divisor of 1848047 and 5652?
157
Calculate the highest common factor of 385886 and 4791945.
3163
What is the highest common divisor of 30 and 42955530?
30
What is the highest common factor of 44051 and 614017?
899
What is the highest common divisor of 162 and 96609591?
81
What is the highest common divisor of 1658502 and 1350?
54
What is the greatest common factor of 970 and 117993322?
194
Calculate the highest common factor of 8259 and 3644972.
2753
Calculate the greatest common factor of 1461014 and 918.
34
Calculate the highest common divisor of 681492 and 6612.
228
What is the greatest common factor of 725074 and 394898?
938
What is the gr